?
162
Calculate the greatest common divisor of 280037468 and 376.
188
What is the highest common divisor of 6142 and 1924?
74
Calculate the highest common factor of 5670904 and 706554.
4618
What is the greatest common factor of 40 and 12274968?
8
Calculate the highest common divisor of 3366 and 31760454.
1122
What is the highest common divisor of 655477 and 5336?
23
What is the highest common factor of 674 and 25283425?
337
What is the highest common factor of 182255501 and 10641?
3547
What is the greatest common factor of 292048 and 64?
16
Calculate the greatest common divisor of 105791 and 13462.
127
What is the highest common factor of 35 and 174890905?
35
What is the greatest common factor of 280910 and 47250?
70
What is the highest common divisor of 90429 and 41380731?
2103
What is the highest common factor of 4389595 and 18370?
835
Calculate the greatest common factor of 72118 and 1502922.
214
Calculate the highest common factor of 96 and 6349236.
12
Calculate the greatest common factor of 4085433 and 18183.
957
What is the greatest common factor of 16560 and 56005?
115
What is the highest common factor of 18792 and 177331752?
2088
What is the greatest common factor of 25566000 and 48?
48
What is the highest common divisor of 13445970 and 90?
30
Calculate the greatest common factor of 13100 and 614875.
25
What is the highest common divisor of 33278 and 284108548?
4754
Calculate the greatest common divisor of 2342 and 9305937.
1171
What is the greatest common divisor of 12203415 and 35511?
399
What is the highest common factor of 25668339 and 151?
151
What is the greatest common factor of 159 and 16442031?
159
Calculate the highest common divisor of 322 and 8978395.
23
Calculate the greatest common divisor of 21488400 and 45.
45
What is the highest common divisor of 412 and 354246458?
206
Calculate the highest common factor of 88911544 and 10136.
1448
What is the greatest common factor of 5909724 and 1946?
278
Calculate the highest common factor of 1834249 and 697.
17
What is the highest common factor of 220590372 and 40512?
2532
What is the greatest common divisor of 2966400 and 28325?
2575
Calculate the highest common factor of 4041847095 and 1815.
1815
Calculate the highest common factor of 508 and 62758447.
127
What is the greatest common divisor of 692290 and 1053950?
1070
What is the greatest common divisor of 111136 and 72852064?
4832
Calculate the greatest common divisor of 617520 and 151890.
2490
What is the greatest common divisor of 48096 and 647459?
167
What is the highest common factor of 16718906 and 174?
58
What is the highest common divisor of 23751 and 713349?
819
Calculate the highest common divisor of 7993538 and 203.
7
Calculate the highest common divisor of 9842 and 65042966.
1406
Calculate the greatest common factor of 1311632 and 11144.
56
What is the greatest common divisor of 38815 and 471361597?
7763
What is the highest common factor of 78 and 19113185?
13
Calculate the greatest common factor of 709712 and 512.
16
What is the greatest common factor of 1963152 and 912?
48
Calculate the greatest common factor of 10 and 1119082290.
10
What is the highest common factor of 390 and 8796918?
78
Calculate the highest common factor of 405120 and 4720281.
633
Calculate the highest common factor of 2558 and 10822898.
2558
Calculate the highest common divisor of 93597096 and 146.
146
What is the highest common factor of 100 and 236955?
5
Calculate the highest common divisor of 760 and 2181105.
95
Calculate the greatest common divisor of 1200 and 109712.
16
What is the highest common factor of 134366688 and 270?
54
What is the highest common factor of 572 and 1758724?
44
Calculate the greatest common factor of 3230 and 602310.
170
What is the greatest common factor of 3832160 and 49708?
172
Calculate the highest common factor of 13356222 and 5808.
726
What is the highest common divisor of 953340 and 220?
20
Calculate the highest common factor of 1435926405 and 15.
15
Calculate the greatest common divisor of 5 and 934753945.
5
What is the greatest common divisor of 5074 and 960104?
86
What is the highest common divisor of 5434 and 534622?
418
What is the greatest common factor of 133595 and 224290?
55
Calculate the highest common factor of 618565007 and 2831.
2831
What is the highest common factor of 43154715 and 435?
15
Calculate the greatest common divisor of 990 and 51360.
30
Calculate the highest common divisor of 76525 and 88.
1
What is the greatest common divisor of 9149402 and 93?
31
Calculate the highest common divisor of 6578065 and 2873.
221
What is the greatest common factor of 14 and 138963419?
7
What is the highest common factor of 2930239 and 51?
17
What is the highest common divisor of 927 and 4227944?
103
Calculate the highest common factor of 27 and 68561586.
27
What is the highest common divisor of 473406254 and 1784?
446
Calculate the highest common factor of 381472 and 139384.
7336
Calculate the highest common factor of 523445 and 65.
65
Calculate the highest common factor of 268649 and 247895.
1153
What is the greatest common factor of 86637 and 225?
3
What is the highest common divisor of 339 and 13001554?
113
What is the greatest common factor of 2052 and 27676863?
513
What is the greatest common factor of 14120184 and 624?
312
Calculate the greatest common divisor of 46053 and 3782968.
301
Calculate the highest common divisor of 47771 and 1360703.
1541
Calculate the greatest common factor of 370 and 2276630.
10
What is the highest common factor of 85145284 and 19388?
524
What is the greatest common factor of 26304 and 102887?
137
Calculate the greatest common factor of 1588 and 620129880.
1588
Calculate the greatest common factor of 69355 and 1892215.
65
What is the highest common factor of 185089339 and 4701?
1567
What is the greatest common factor of 16481675 and 1855?
1855
What is the highest common divisor of 371 and 400792?
7
What is the highest common divisor of 22348452 and 1176?
84
Calculate the greatest common divisor of 180102398 and 14.
14
What is the greatest common factor of 258303 and 16791?
87
What is the greatest common factor of 192 and 468892896?
96
What is the greatest common factor of 745 and 4908209?
149
Calculate the greatest common divisor of 1420589 and 786869.
5281
What is the greatest common factor of 514293 and 689?
13
What is the highest common factor of 7684074 and 18?
18
Calculate the highest common divisor of 132200 and 1317373.
661
Calculate the greatest common factor of 15706367 and 515.
103
What is the highest common factor of 187264 and 3021?
19
Calculate the highest common divisor of 919224 and 1944.
72
Calculate the greatest common factor of 623226 and 30607.
241
Calculate the highest common factor of 2368485 and 197246.
511
What is the greatest common divisor of 1568 and 548870?
14
Calculate the highest common factor of 8370 and 186570.
270
What is the highest common factor of 143946 and 3278?
22
Calculate the greatest common factor of 25878726 and 918.
306
What is the greatest common divisor of 48 and 4396720?
16
What is the highest common divisor of 2923107 and 176?
11
Calculate the greatest common divisor of 64 and 2271568.
16
What is the greatest common divisor of 4435646 and 1090?
218
What is the highest common factor of 185360 and 5605485?
1655
What is the highest common divisor of 66695444 and 752?
188
Calculate the highest common factor of 1600123 and 19133.
1007
Calculate the greatest common factor of 62 and 398942.
2
What is the highest common divisor of 13482630 and 5940?
90
Calculate the highest common factor of 20 and 1348255.
5
What is the greatest common divisor of 1746 and 137487024?
1746
What is the highest common factor of 1905 and 121185?
15
What is the highest common divisor of 169519971 and 204?
51
What is the greatest common factor of 796 and 26279144?
796
What is the highest common divisor of 13472262 and 24?
6
What is the highest common factor of 24134 and 4653?
11
Calculate the highest common factor of 215638 and 162482.
274
What is the highest common factor of 264 and 6096728?
88
Calculate the highest common factor of 854 and 232442.
14
Calculate the highest common divisor of 787451 and 2883211.
1541
What is the greatest common factor 